the remainder when 60351 is divided by 204.
171
Calculate the remainder when 274387 is divided by 927.
922
Calculate the remainder when 10360 is divided by 5121.
118
Calculate the remainder when 50147 is divided by 517.
515
Calculate the remainder when 3299 is divided by 21.
2
Calculate the remainder when 7224 is divided by 51.
33
Calculate the remainder when 2501 is divided by 397.
119
Calculate the remainder when 879 is divided by 121.
32
What is the remainder when 4307 is divided by 22?
17
Calculate the remainder when 547858 is divided by 365.
358
Calculate the remainder when 34772 is divided by 36.
32
What is the remainder when 96724 is divided by 46?
32
What is the remainder when 8934 is divided by 2931?
141
What is the remainder when 16128 is divided by 4027?
20
Calculate the remainder when 6728 is divided by 135.
113
What is the remainder when 8908 is divided by 94?
72
Calculate the remainder when 11393 is divided by 31.
16
What is the remainder when 1257773 is divided by 628877?
19
Calculate the remainder when 735005 is divided by 824.
821
Calculate the remainder when 417 is divided by 281.
136
Calculate the remainder when 236 is divided by 58.
4
What is the remainder when 27822 is divided by 9262?
36
What is the remainder when 271990 is divided by 8?
6
Calculate the remainder when 13079 is divided by 4334.
77
What is the remainder when 616580 is divided by 11?
8
Calculate the remainder when 4963 is divided by 1453.
604
What is the remainder when 13859 is divided by 34?
21
What is the remainder when 522154 is divided by 182?
178
Calculate the remainder when 215769 is divided by 16.
9
What is the remainder when 1774916 is divided by 17?
14
What is the remainder when 2605 is divided by 859?
28
Calculate the remainder when 369510 is divided by 4.
2
Calculate the remainder when 4832 is divided by 55.
47
What is the remainder when 2643 is divided by 623?
151
Calculate the remainder when 5286 is divided by 1714.
144
What is the remainder when 34772 is divided by 621?
617
Calculate the remainder when 21726 is divided by 5429.
10
Calculate the remainder when 4379 is divided by 30.
29
What is the remainder when 8709 is divided by 56?
29
Calculate the remainder when 6434 is divided by 789.
122
Calculate the remainder when 53431 is divided by 8.
7
Calculate the remainder when 251934 is divided by 646.
640
Calculate the remainder when 7482 is divided by 304.
186
What is the remainder when 9719577 is divided by 12?
9
What is the remainder when 603196 is divided by 141?
139
What is the remainder when 75613 is divided by 995?
988
What is the remainder when 118164 is divided by 1036?
60
Calculate the remainder when 4624 is divided by 380.
64
Calculate the remainder when 6574 is divided by 22.
18
Calculate the remainder when 136662 is divided by 28.
22
Calculate the remainder when 277596 is divided by 69393.
24
Calculate the remainder when 140574 is divided by 140563.
11
Calculate the remainder when 39761 is divided by 278.
7
What is the remainder when 4809 is divided by 23?
2
What is the remainder when 2235 is divided by 113?
88
Calculate the remainder when 4305 is divided by 2151.
3
Calculate the remainder when 4250 is divided by 1794.
662
What is the remainder when 2811 is divided by 299?
120
What is the remainder when 9569 is divided by 9548?
21
Calculate the remainder when 24874 is divided by 8289.
7
What is the remainder when 220369 is divided by 447?
445
What is the remainder when 3251 is divided by 523?
113
Calculate the remainder when 11112 is divided by 19.
16
What is the remainder when 321696 is divided by 19?
7
What is the remainder when 82478 is divided by 3?
2
What is the remainder when 1742007 is divided by 226?
225
Calculate the remainder when 18850 is divided by 73.
16
What is the remainder when 76454 is divided by 45?
44
What is the remainder when 228238 is divided by 8151?
10
Calculate the remainder when 152946 is divided by 222.
210
What is the remainder when 3245 is divided by 16?
13
Calculate the remainder when 571270 is divided by 281.
278
Calculate the remainder when 236048 is divided by 1513.
20
Calculate the remainder when 1448 is divided by 290.
288
Calculate the remainder when 334885 is divided by 111627.
4
What is the remainder when 23271 is divided by 2113?
28
Calculate the remainder when 718 is divided by 356.
6
Calculate the remainder when 21849 is divided by 39.
9
What is the remainder when 61685 is divided by 88?
85
Calculate the remainder when 14253 is divided by 49.
43
What is the remainder when 2299 is divided by 78?
37
What is the remainder when 2043 is divided by 156?
15
What is the remainder when 33984 is divided by 163?
80
What is the remainder when 51414 is divided by 473?
330
Calculate the remainder when 30635 is divided by 7.
3
What is the remainder when 151978 is divided by 447?
445
What is the remainder when 2599 is divided by 1298?
3
What is the remainder when 3934 is divided by 32?
30
What is the remainder when 1295287 is divided by 1734?
1723
What is the remainder when 2482 is divided by 1201?
80
Calculate the remainder when 15267 is divided by 1016.
27
What is the remainder when 4643 is divided by 1959?
725
Calculate the remainder when 118093 is divided by 11808.
13
What is the remainder when 5573 is divided by 3?
2
Calculate the remainder when 2234158 is divided by 642.
640
What is the remainder when 6026 is divided by 105?
41
What is the remainder when 31754 is divided by 87?
86
What is the remainder when 46787 is divided by 225?
212
Calculate the remainder when 53235 is divided by 110.
105
Calculate the remainder when 18324 is divided by 17.
15
What is the remainder when 16302 is divided by 1726?
768
What is the remainder when 7989 is divided by 1083?
408
Calculate the remainder when 214515 is divided by 190.
5
What is the remainder when 3210 is divided by 17?
14
Calculate the remainder when 17049 is divided by 1880.
129
Calculate the remainder when 180581 is divided by 21.
2
Calculate the remainder when 185 is divided by 163.
22
Calculate the remainder when 4720 is divided by 432.
400
What is the remainder when 159390 is divided by 432?
414
Calculate the remainder when 24198 is divided by 4734.
528
Calculate the remainder when 1006743 is divided by 244.
243
Calculate the remainder when 1147 is divided by 524.
99
Calculate the remainder when 35732 is divided by 17851.
30
Calculate the remainder when 2627 is divided by 2623.
4
What is the remainder when 58988 is divided by 1062?
578
What is the remainder when 9254 is divided by 1561?
1449
What is the remainder when 10916 is divided by 28?
24
What is the remainder when 217050 is divided by 72286?
192
What is the remainder when 884 is divided by 190?
124
What is the remainder when 3144 is divided by 216?
120
What is the remainder when 1415 is divided by 48?
23
Calculate the remainder when 41585 is divided by 65.
50
What is the remainder when 13402 is divided by 2679?
7
Calculate the remainder when 81798 is divided by 393.
54
Calculate the remainder when 4962 is divided by 2478.
6
What is the remainder when 60 is divided by 58?
2
Calculate the remainder when 82581 is divided by 11795.
16
Calculate the remainder when 18975 is divided by 345.
0
What is the remainder when 14827 is divided by 988?
7
Calculate the remainder when 11601 is divided by 1578.
555
What is the remainder when 34984 is divided by 25?
9
Calculate the remainder when 995 is divided by 491.
13
What is the remainder when 17705 is divided by 846?
785
What is the remainder when 1860 is divided by 899?
62
What is the remainder when 23623 is divided by 5902?
15
What is the remainder when 5954 is divided by 61?
37
Calculate the remainder when 89299 is divided by 94.
93
Calculate the remainder when 10543 is divided by 504.
463
Calculate the remainder when 334 is divided by 173.
161
What is the remainder when 21796 is divided by 3631?
10
What is the remainder when 573779 is divided by 254?
247
Calculate the remainder when 801 is divided by 374.
53
Calculate the remainder when 23109 is divided by 68.
57
Calculate the remainder when 69236 is divided by 26.
24
Calculate the remainder when 1982 is divided by 326.
26
Calculate the remainder when 57052 is divided by 28477.
98
What is the remainder